ose -5*u - v + 19 = 0, -2*u - 2*v + 18 = 3*u. Suppose -5*k = 20, -2*t = -0*t + 5*k + u. Calculate the remainder when (4/t)/(3/6) is divided by 1.
0
Let t = -12 + 26. Let d(r) = 16*r**2 + 3*r - 3. Let l be d(2). Let u = -40 + l. Calculate the remainder when u is divided by t.
13
Let n(v) = 0*v - v - 22 - 29. Let p be n(0). Let q = -21 - p. Calculate the remainder when q is divided by 16.
14
Suppose 116 = 3*x + 20. Let h(z) = -3*z - 4. Calculate the remainder when x is divided by h(-7).
15
Suppose -3*x = 2*x + 45. Let s = x + 17. What is the remainder when s is divided by 3/(-2)*1*-2?
2
Let d(r) = r**3 + 6*r**2 + 5*r + 5. Let j be d(-5). Suppose 2*g + 1 = -3*o - 1, 2*g + 6 = -j*o. Let k = -3 + 7. What is the remainder when k is divided by g?
0
Let r(c) = 2*c**3 + 4*c**2. Calculate the remainder when r(4) is divided by 65.
62
Suppose -2*j - 2*z + 12 = 0, -2*j + 3*j + 5*z = -10. Suppose -4 - j = -q. What is the remainder when 25 is divided by q?
11
Calculate the remainder when (-3 + (-28)/(-8))*(1 - -21) is divided by 6.
5
Suppose 7*j - 36 = 6*j. Calculate the remainder when j is divided by 10.
6
Let d(j) = -j + 12. Let n be d(9). Suppose -6 = -n*b + 9. What is the remainder when 14 is divided by b?
4
Suppose -168 = -u - u. Calculate the remainder when (-4)/(-14) - (-1404)/u is divided by 5.
2
Let o(z) = -8*z + 1. Let q be (-3)/(-3) - (-3 + 1). Suppose 3*y = -3*g + q, 7*g - 3*g - 6 = -2*y. What is the remainder when o(y) is divided by 5?
4
Let s = -1 - -32. Suppose -3*o + 0*o = -51. What is the remainder when s is divided by o?
14
Let f be (2/1 - 2)/2. Suppose 3*s = 5*c + 4 - 20, 4*s + 8 = f. What is the remainder when 4 is divided by c?
0
Let z = 2 + 1. Suppose -52 = -z*k + 86. What is the remainder when k is divided by 16?
14
Let r(u) = 13*u**3 - u**2 + 2*u - 1. Let a = -5 + 6. Calculate the remainder when r(a) is divided by 8.
5
Let c be (-6)/12 - (-38)/4. Calculate the remainder when 14 is divided by 15*(21/c + -2).
4
Suppose 0 = 2*p + p + 123. Let t = 57 + p. Calculate the remainder when 61 is divided by t.
13
Let m(u) be the second derivative of 5*u**3/6 - 2*u. What is the remainder when m(2) is divided by 4?
2
Suppose 2*d + 5*c - 28 = 0, d - 3*c - 24 = -8*c. Let z(k) = 9*k - 4. Calculate the remainder when z(d) is divided by 17.
15
Suppose -z - 94 = -5*g, -5*z - 14 = -g - 0*g. Calculate the remainder when g is divided by 8.
3
Suppose 0 = 5*z + y - 2*y + 5, 2*y + 2 = -2*z. Let n(j) = -1. Let g(d) = 3*d + 1. Let m(f) = z*g(f) + 2*n(f). What is the remainder when 16 is divided by m(-3)?
4
Let q = -16 + 36. Let b = q - 5. What is the remainder when 43 is divided by b?
13
Let g(v) = 2*v**3 - 5*v + 2. What is the remainder when g(3) is divided by 22?
19
Suppose 0 = -3*i + 7*i - 2*h - 54, 0 = -4*i + 3*h + 55. Calculate the remainder when i is divided by 5.
3
Suppose -4*n - 21 = 11. Let p = -2 - n. What is the remainder when 11 is divided by p?
5
Let b(q) = q**3 - 15*q**2 + 29*q + 4. What is the remainder when b(13) is divided by 22?
21
Let h = -8 + 6. What is the remainder when -1 + -2 + 32 - h is divided by 8?
7
Suppose 4*d - 11 - 5 = 0. Let m(c) = c + 35. What is the remainder when m(-28) is divided by d?
3
Let r(h) = 2*h**2 + h. Let a be r(1). Suppose 22 = a*q - 2*q. What is the remainder when q is divided by 18/3*(-8)/(-6)?
6
Suppose 5*y - 3 = 7. Suppose 2*z - 68 = -4*r + 4, -80 = -4*r + y*z. Calculate the remainder when r is divided by 10.
9
Suppose -4*r = 4*t - r - 131, 20 = 4*r. Let u = -66 - -123. What is the remainder when u is divided by t?
28
Let r = -30 - -70. Let d = r - 23. Calculate the remainder when 49 is divided by d.
15
Let u(d) be the third derivative of d**5/12 - d**4/24 - 5*d**3/6 - 4*d**2. Calculate the remainder when u(4) is divided by 24.
23
Let n(k) = k**3 - 4*k**2 - 10*k + 8. Let i(t) = 2*t. Let o be i(3). Calculate the remainder when 97 is divided by n(o).
17
Let f(c) = -c + 14. Let l be f(11). Suppose 92 = u + l*u. Suppose -w = -3*x - 27, 2*w = 2*x + 14 + 20. What is the remainder when u is divided by w?
11
Let n(v) = v**2 + v - 3. Suppose j = -2*j - 21. Calculate the remainder when n(j) is divided by 2/4 + 78/4.
19
Suppose 4*l - 31 = -11. Suppose -l*m + 5*k - 29 = -9, 3*m = -2*k + 8. Let o(u) = u**3 + 3. Calculate the remainder when 7 is divided by o(m).
1
Let z be 2/(-10) - (-318)/15. Calculate the remainder when (1 + -40)*(-15)/(-9)*-1 is divided by (-6)/z + 363/21.
14
Suppose 0 = 3*n + 3*c - 9, -2*n - 5*c = -0*n - 12. Suppose 0 = -3*f - 41 - 4. Calculate the remainder when 4/6 - 5/f is divided by n.
0
Suppose 2*m = -9 + 1. Let o be (-1 + 2)/((-1)/m). Suppose -5*p = b - 22, 0 = -3*p - 4*b - 1 + o. Calculate the remainder when p is divided by 2.
1
Calculate the remainder when 3 - 54/(-12)*2/3 is divided by 2.
0
Suppose 5*w = 4*m - 2*m - 9, -30 = -5*m + 5*w. What is the remainder when 11 is divided by m?
4
Let y = 11 - 8. Suppose 2*x - 65 = -y*x. What is the remainder when 24 is divided by x?
11
Suppose -2*b = -0*b - 56. Let o be (-8)/(-24) + (-32)/6. Let t(z) = -z**2 - 8*z - 5. What is the remainder when b is divided by t(o)?
8
Let h(d) = -d**2 - 13*d + 5. Let g = 75 - 51. What is the remainder when h(-7) is divided by g?
23
What is the remainder when (-9 + 7)*(0 - -1 - 23) is divided by 14?
2
Suppose -6 = 3*n, n - 6 = 2*c - 102. Suppose -99 = -5*q + 21. What is the remainder when c is divided by q?
23
Suppose 0 = 5*f + 3*r, 7 = 7*f - 3*f + r. Suppose 19 = f*t - 35. Calculate the remainder when 34 is divided by t.
16
Suppose 12*v - 93 = 87. What is the remainder when v is divided by 9?
6
Let y = 3 - 2. Suppose 2*m = 48 - 24. Calculate the remainder when y/(-3) + (-201)/(-9) is divided by m.
10
Let p = 1 + 2. Let y be 6/p + 1 + -5. Let o = y - -18. Calculate the remainder when 31 is divided by o.
15
Suppose -g + 4*g = 114. Let q = -24 + g. What is the remainder when 53 is divided by q?
11
Let m(k) = 2*k + 3. Calculate the remainder when m(6) is divided by 9.
6
Suppose m - i = -3, -i - 4*i + 15 = 0. Suppose -4*u - 190 = -5*g, m = -2*g - 6*u + 3*u + 53. What is the remainder when g is divided by 7?
6
What is the remainder when 179 is divided by 12/(4/(-1 - -5))?
11
Let f(m) = -26*m - 1. Let u be f(1). Let n be (-2 - u/(-6))*-2. Let y = n + 5. Calculate the remainder when 35 is divided by y.
17
Suppose 2*h + 13 = 3*h. What is the remainder when 24 is divided by h?
11
Suppose 0 = c + c - 18. Calculate the remainder when 15 is divided by c.
6
Suppose -4*l - 13 = -4*v + 7, -3 = 3*v. What is the remainder when 62*((-9)/l + -1) is divided by (-2 + 0)*(0 + -8)?
15
Suppose -v = 3*m - 33, 0 = 4*v + 2*m - 7 - 75. Calculate the remainder when 52 is divided by v.
16
Let g(l) = l**3 - 12*l**2 - 18*l + 15. Calculate the remainder when g(14) is divided by 26.
25
Let w(s) = -3*s**3 + 9*s**2 - 13*s + 15. Let k(m) = m**3 + m**2 - 1. Let z(b) = -4*k(b) - w(b). What is the remainder when 8 is divided by z(-14)?
2
Let h = 14 + -28. Let c = 1 - h. What is the remainder when 59 is divided by c?
14
Let f(i) be the third derivative of i**5/60 - i**4/12 + i**3/6 + i**2. What is the remainder when (34/(-1))/(-2*1) is divided by f(4)?
8
What is the remainder when 7 is divided by 7 + (-4 - (0 + -1))?
3
Let z(k) = 2*k + 6. Let v be z(0). What is the remainder when (-63)/14*(-16)/v is divided by 8?
4
Suppose -b = b + 2*m - 32, 2*b - m - 35 = 0. Let f(n) = -n**2 + 10*n - 1. Let x be f(9). What is the remainder when (-258)/(-8) + (-2)/x is divided by b?
15
Let u(z) = 16*z**2 - 4*z + 4. What is the remainder when u(3) is divided by 28?
24
Let v(u) = u**3 + u**2 - 2*u + 2. Let a be 5/10 - 14/(-4). Let n(t) = 4*t - 5. What is the remainder when v(3) is divided by n(a)?
10
Suppose 16*v - 20*v = -28. Let a(q) = -5*q - 2. Calculate the remainder when a(-3) is divided by v.
6
Suppose 84*l + 212 = 88*l. What is the remainder when l is divided by 12?
5
Suppose 9*c - 371 = 2*c. Calculate the remainder when c is divided by 14.
11
Suppose 4*l + 0*d = 3*d + 40, 0 = -4*l - 3*d + 64. Let f = l - 8. Suppose c + m = 4, -f*m - 5 = -3*c - 1. What is the remainder when 7 is divided by c?
1
Suppose 7*w = 6*w + 95. What is the remainder when w is divided by 33?
29
Let d(w) = -2 + 3 + 3 - 5 + w. Calculate the remainder when d(7) is divided by 4.
2
Let l be (1/1)/(-3)*-6